derivative of o**4/4 - 8*o**3/3 - 2*o**2 - 10*o - 2. List the prime factors of c(s).
5, 7
Let k(b) = 5*b**3. Let z be k(1). Suppose -3*f + 5*x - 34 = -z*f, 3*f + 3*x - 60 = 0. List the prime factors of f.
2, 11
Suppose -39 - 6 = 5*x. Let w(o) = -3*o + 11. List the prime factors of w(x).
2, 19
Suppose -4*c + 3*c + 3*j = 25, -5*c - 5*j = 25. Let u(f) = f**2 + 7*f - 2. List the prime factors of u(c).
2, 7
Let h(g) = 3*g - 33. Let t be h(14). Suppose -2*u - 3*x + 38 = -t, 3*u - 4*x = 113. List the prime factors of u.
31
Let h(v) = -15*v. Let w be h(2). Let b be (w/(-25))/(3/10). What are the prime factors of (b/(-2) - -3)*7?
7
Let w be (((-1302)/(-4))/(-7))/((-3)/4). Suppose -w = x - 120. What are the prime factors of x?
2, 29
Suppose 2*o - 3*o = t - 3032, 3*t - 9096 = 3*o. List the prime factors of t.
2, 379
Let u = 33 - -47. Let b be 9 + 10/(2 - 7). Suppose -u = -b*w + 2*w. What are the prime factors of w?
2
Let s = -10 - -35. Let z be 120/s + 1/5. Suppose z*p + 3*l - 105 = 0, -24 + 87 = 3*p + 2*l. List the prime factors of p.
3, 7
Let m = 105 - 61. What are the prime factors of m?
2, 11
Suppose 0 = 8*i + 148 + 12. Let q = 105 + i. What are the prime factors of q?
5, 17
Let m = 17 - 13. Suppose -4*a = -5*h - 141, -6*a - h = -m*a - 53. List the prime factors of a.
29
Suppose -5*t = -4*h - 16457, -3*t + 3283 = -2*t - 5*h. List the prime factors of t.
37, 89
Suppose 2*o - 4*v + 122 = 1032, -3*o + 1368 = -3*v. List the prime factors of o.
457
Let a be 8/(-12)*-186 - 4. Suppose -7*l + 1014 = -a. What are the prime factors of l?
2, 3
Suppose 62 = z + z. Suppose x - z = 7. List the prime factors of x.
2, 19
Let t(i) = i**2 - 30*i + 18. What are the prime factors of t(-22)?
2, 7, 83
Let n(d) = 2*d**3 - 6*d**2 - 1 + 5*d - 3 - d**3. Let f(x) = 2*x**2 - 17*x + 14. Let v be f(8). List the prime factors of n(v).
2, 13
Suppose -t - 16507 = -5*s, 3414 = s + t + 109. What are the prime factors of s?
2, 13, 127
Let g(d) = -d**3 - 7*d**2 - 9*d - 15. Let o be g(-6). Suppose 2*p - 6 + 2 = 0. Suppose -o*b + 99 = w, 0 = -p*w - w - 9. What are the prime factors of b?
2, 17
Suppose d = -5*x - 0*x + 20741, 0 = -5*d - 20. List the prime factors of x.
3, 461
Suppose 72*a - 5036 = 70*a. List the prime factors of a.
2, 1259
Let g(i) = -i**3 + 16*i**2 + 5*i + 42. List the prime factors of g(15).
2, 3, 19
Let d = 32 - 11. Suppose -2*g - 3*y + 13 = 0, -2*y = -5*g + 2*y + d. Suppose g*p = 3*p + 116. List the prime factors of p.
2, 29
Suppose -22*r + 7888 = -6214. What are the prime factors of r?
641
Suppose -3*s - h + 3 = 0, -s + 4*h + 10 = -2*s. Let g be s/8 - (-302)/8. Let l = g + -20. What are the prime factors of l?
2, 3
Let p = 41 - 29. Let r = -9 + p. Suppose -11 = -7*c + r. What are the prime factors of c?
2
Let i = 19 - 17. Let p(k) = 2*k**3 - 4*k**2 + 6*k - 3. List the prime factors of p(i).
3
Let m(d) = -d - 1. Let q(c) = 4*c + 1. Let z(s) = 5*m(s) - q(s). List the prime factors of z(-5).
3, 13
Let z(q) = -q**3 + 9*q**2 - q + 9. Let c be z(9). Suppose c = 2*y + 3 - 1. Let f = 8 + y. List the prime factors of f.
7
Let m(r) = 34*r**3 + 2*r**2 + 14*r - 24. What are the prime factors of m(3)?
2, 3, 53
Let j = 68 + -65. Suppose f + 65 = 5*s, j*s + 20 - 71 = 3*f. List the prime factors of s.
2, 3
Let r = -10 + 2. Let g(k) = -8*k + 23. List the prime factors of g(r).
3, 29
Let t(r) = r + 8. Let u be t(7). Suppose 18*z - u*z = 6. List the prime factors of z.
2
Let k(r) = -26 + 3*r**2 + r + 0*r + 0*r. List the prime factors of k(7).
2
Let x(c) = c**3 - 4*c**2 - 3*c - 5. Let d = 6 - 10. Let u = d + 9. List the prime factors of x(u).
5
Let r = -12 + -2. What are the prime factors of -3*25/30*r?
5, 7
Let n(o) be the first derivative of 21*o**2/2 + 2*o - 10. What are the prime factors of n(3)?
5, 13
Suppose -5*v + 10*v - 14 = c, 16 = 5*v + c. Let b = -1 - v. What are the prime factors of b/(-18) + (-1372)/(-63)?
2, 11
Suppose 0 = 3*o + 12, q + 0*o + o + 2 = 0. Suppose 5*y = -5*i - 5, -4*y - q*i - 2 + 6 = 0. Suppose y*h + 10 = 115. List the prime factors of h.
5, 7
What are the prime factors of 250/6 + 8/(-12)?
41
Let y(o) = -178*o. Let w be y(-1). Let x = w - 84. What are the prime factors of x?
2, 47
Let l(k) = -7*k**3 + 2*k**2 + 7*k - 6. Let h be l(-4). Let y = h + -309. List the prime factors of y.
137
Suppose -2*v = 3*s - 11717, 18*v = 16*v + 3*s + 11687. List the prime factors of v.
5851
Let g = 3 - -1. Let c(x) = -2*x**2 - 19*x + 29. Let s be c(-11). Let k = g - s. List the prime factors of k.
2
Let x = 31 - 13. Let k = 19 - x. Suppose 2*b - k = 3. List the prime factors of b.
2
Suppose -4*b = -4*y - 32, 4*b + 3*y - 4 - 7 = 0. Suppose 4*i - f - 22 = 0, -i - b*f = -2*i - 4. Suppose -i*c + 16 = -212. What are the prime factors of c?
2, 19
Suppose -4*i = -5*i + 2. Suppose 0 = -3*r - i + 44. What are the prime factors of r?
2, 7
Let t = -2609 - -4414. What are the prime factors of t?
5, 19
Let j(g) = g**3 + 7*g**2 + 5*g - 12. Let u be j(-6). What are the prime factors of (u/10)/(-1 + (-16)/(-20))?
3
Let l(g) = 3*g**2 + 29*g + 297. List the prime factors of l(-20).
7, 131
Let y(x) = x**3 - 8*x**2 + 10*x - 6. Let g be y(6). Let u = -27 - g. What are the prime factors of 12/u*(-54)/4?
2, 3
Let c = 116 - -99. Suppose 0 = -h + 2*h - c. Suppose -h = -4*g - 3. What are the prime factors of g?
53
Suppose 30*k = -18*k + 16704. What are the prime factors of k?
2, 3, 29
Suppose -10 = 2*j - 6. Let c(m) = 20*m**2 - 2*m - 5. What are the prime factors of c(j)?
79
Let r = 31 + -32. List the prime factors of r*(2 - 399/3).
131
Suppose -3*v + 8*g + 360 = 4*g, 2*v - 235 = g. What are the prime factors of v?
2, 29
Let v(a) = -a**3 + 8*a**2 + 20*a + 8. Let s be v(10). List the prime factors of 2454/s + 0 - (-4)/16.
307
Let d be 3*(-20)/(-75)*5. Suppose -d*c + 252 = 4*t, 0 = 3*c - c + 3*t - 125. What are the prime factors of c?
2
Suppose 889 + 1199 = 9*a. Let t = -102 + a. What are the prime factors of t?
2, 5, 13
Suppose -25 + 70 = 5*o. List the prime factors of (410/(-4))/(o/(-16 - 2)).
5, 41
Suppose -2*t - l = -1065, -2*t + 4*t - 1056 = -4*l. List the prime factors of t.
2, 3, 89
Suppose -196 = 2*w + 3*w - 2*q, -3*w - 3*q = 105. Let r = -24 - w. List the prime factors of r.
2, 7
Let k(q) = -12*q**3 + 5*q**2 - 6*q**3 + 0*q + 4*q - 2. What are the prime factors of k(-2)?
2, 7, 11
Let i(g) = 3*g**2 - 8*g + 4. Suppose -3*n + 20 = n. List the prime factors of i(n).
3, 13
Let s(g) = -24*g + 9. Let l be s(5). Let m = 180 + l. List the prime factors of m.
3, 23
Let k(l) = l**2 - 7*l + 1. Let r be k(6). Let x be (6/r)/(2/(-5)). Suppose -2*m = x*p - 8*p + 160, p - 32 = -2*m. What are the prime factors of p?
2
Suppose -2*o = r - 9665, -5*o + 24161 = 21*r - 20*r. What are the prime factors of o?
2, 151
List the prime factors of -1*(0*6/(-30) + -584).
2, 73
Let q = 155 - -56. List the prime factors of q.
211
Let c = 852 - 355. List the prime factors of c.
7, 71
Let n(s) = 3*s**3 - 3*s + 12. List the prime factors of n(6).
2, 3, 107
Let z be (-20)/(-110) + 40/22. Let s(t) = 5*t**2 + 2*t + 1. Let h be s(z). List the prime factors of ((-136)/(-10))/(10/h).
2, 17
Let a(g) = 4*g + 11*g - 13 + 3 - 5*g. Let u(t) = -t. Let w be u(-4). What are the prime factors of a(w)?
2, 3, 5
Let l = 5332 - 2990. List the prime factors of l.
2, 1171
Suppose 5975 = 10*l - 27055. What are the prime factors of l?
3, 367
List the prime factors of (-5 + 88/16)*1234*1.
617
Let d(c) = -2*c - 2*c + 5*c. Let m be d(5). Let w(r) = 2*r**2 - 5*r + 1. What are the prime factors of w(m)?
2, 13
Suppose -2494 = -10*p + 3206. What are the prime factors of p?
2, 3, 5, 19
Suppose -2*l - 320 = 5*x, -170 = 3*l - 2*l + 5*x. What are the prime factors of (-4 + 26/8)*(2 + l)?
3, 37
Suppose -144 = 3*b - 6*b. Let g be (2/(-3))/((-8)/b). Suppose 5*s + 4*v = 1 + 114, 92 = g*s - v. What are the prime factors of s?
23
Let a = 89 + -82. Let p(q) = q**3 - 2*q**2 - 8*q - 11. List the prime factors of p(a).
2, 89
Let d = -11 - -2. Let f = d - -11. Suppose -5*k + 272 = -3*b, 0 = 4*k - f*k + 2*b - 112. What are the prime factors of k?
5, 11
Suppose 0 = 3*f + 3*a - 801, -13*a + 9*a = 16. List the prime factors of f.
271
What are the prime factors of (-5148)/8*1*24/(-18)?
2, 3, 11, 13
Suppose 0 = 56*n - 62*n + 14976. List the prime factors of n.
2, 3, 13
Let i(j) 